rue
Let x = 257216 + 317111. Is x a prime number?
False
Suppose 0 = 7*q + 7 - 420. Let y(c) = -51*c + 28*c**2 - 11 + 111*c - q*c. Is y(6) a prime number?
False
Let m(y) = -y**2 + 15*y + 35. Let h be m(17). Let l be ((-4)/3)/h*9. Is l/(-8)*(-262)/(-3) a prime number?
True
Let c be (-41)/(-123) + (-29)/(-3). Is 66772/8 + 3 + (-25)/c a prime number?
False
Let u(w) = 41414*w**3 - 5*w**2 + 15*w - 21. Is u(2) prime?
True
Let c(s) = s**3 - 12*s**2 - s + 9. Let q = 43 - 31. Let t be c(q). Is 1*(-335)/15*t a prime number?
True
Suppose 4*k - 4*b = 1968408, -6*k + 1954440 + 998162 = -4*b. Is k a prime number?
False
Suppose -2*p - 90686 - 131007 = -3*s, -2*s = -2*p - 147796. Is s a composite number?
False
Suppose -3*s + 714 - 705 = 0. Is (2/(-4))/(s/(-31614)) a composite number?
True
Suppose 20 = -5*w, w = 14*f - 13*f - 1738121. Is f composite?
False
Let b(n) = -3*n**3 - n**2 + 6*n - 5. Let i be b(5). Let d = -660 + 1388. Let t = d - i. Is t a composite number?
False
Suppose -6 + 41 = 4*q + 3*c, 3*q + 3*c - 27 = 0. Let n(u) = 289*u + 21. Is n(q) a composite number?
False
Let o = 143 + -129. Suppose o*a - 10*a - 2164 = 0. Is a a composite number?
False
Let g = 30873 - -58594. Is g a prime number?
False
Suppose -30*h = 19*h + 11*h - 1400820. Is h composite?
True
Suppose -10479399 = -65*u + 47*u + 299559. Is u a prime number?
False
Suppose 4*g + 3*g = -14*g + 2231418. Is g a composite number?
True
Suppose 88*a - 29*a - 1328634 = 41*a. Is a prime?
False
Let i = 102 + -102. Let k = 1 - i. Is 1*(-4)/6*-5391 + k a composite number?
True
Is (715/(-117) - -6)/(2/6)*-206841 prime?
True
Suppose -7756 = -4*y - 5*x, -2*y + 0*y + 4*x + 3878 = 0. Let t(c) = -c**3 + 8*c**2 - 10*c - 10. Let a be t(6). Suppose -5*u + y = a*u. Is u prime?
True
Let b be 34/(-187) + (-48)/(-22). Suppose -b*k + 1592 = -1370. Is k prime?
True
Suppose 215*n = 213*n + 119498. Is n a composite number?
True
Suppose -8 = -2*g, 4*y + 2*g = 6 + 10. Suppose y*t - 6*t = 0. Suppose t*k + k = -2*x + 755, -3*k - 9 = 0. Is x composite?
False
Suppose -8*j + 6*j = 5*s - 441108, -7*j = 2*s - 176437. Is s a prime number?
False
Let g(j) = -2653*j**3 + 5*j**2 - 9*j - 40. Is g(-3) a prime number?
True
Suppose -4*b = 4*h - 8*h + 16, 2*h + b - 11 = 0. Suppose 0*q - 5*m + 2429 = 4*q, 15 = -h*m. Is q prime?
False
Let k = -12975 + 7620. Let c = k + 8428. Is c a composite number?
True
Suppose 0 = c + 1, -3*k - 4*c = -4*k + 2763. Let j = -1552 + k. Suppose -5*r + j + 762 = 4*a, 5*r - 2001 = 4*a. Is r a composite number?
False
Suppose 3*r - 19*v + 17*v - 4 = 0, 3*v = 3. Suppose 0 = r*h + m - 86857, 5*m = 9*h - 5*h - 173693. Is h composite?
False
Let z(p) = 224*p**2 - 534*p - 13. Is z(-6) prime?
False
Let y = 573052 + -397559. Is y composite?
False
Let b = -32833 + 123006. Is b composite?
False
Let p(m) = 100*m**2 + 2*m - 5. Suppose 0 = 2*q - 2*i - 4, -2*i - 2 = -3*q - 1. Is p(q) a composite number?
True
Suppose 45*h + 8322424 = 133*h. Is h a prime number?
True
Let y = -168 - -170. Suppose 5*q = g - 641 - 1050, y*g - 3*q = 3403. Is g a prime number?
False
Suppose 0 = -5*d + 1148 - 7268. Let s = d - -1893. Is s prime?
False
Is (10*9/18)/(20/1462908) a prime number?
False
Suppose 3*d + 10 = 2*b, -4*b + 2*d + 20 = -2*d. Suppose -b*p + 10 = -6*p. Is -1 + 0/(-2) - (-36 - p) a prime number?
False
Let m(p) = 4*p + 57. Let j be m(6). Let r = j - 95. Is (-1 + (-7)/r)*(1 - 2799) prime?
True
Let u = 201907 + -140046. Is u a composite number?
False
Suppose 50*y - 5*j + 16887 = 53*y, 3*j + 16935 = 3*y. Is y a prime number?
True
Suppose 30945 = 5*c + 3020. Let a = c + -1878. Is a composite?
True
Is (1853322/4)/((-17)/(-238)*21) composite?
False
Is ((-290)/(-35) - 9) + 2589990/35 prime?
True
Let c be (-1 - 0 - 0) + -467. Suppose -w + 674 = -111*g + 112*g, 4*g - 12 = 0. Let b = c + w. Is b a prime number?
False
Let l(r) = 9223*r - 444. Is l(11) a composite number?
False
Let s(j) = 22*j**2 - 98*j + 447. Is s(74) a composite number?
True
Let j be 5/((-25)/(-8668))*(-100)/(-8). Suppose -j = -17*l + 7*l. Is l a prime number?
False
Let d(p) = -p**3 - p**2 - p + 1. Let m(g) = -7*g**3 + 4*g**2 - 7*g + 4. Let j = 12 + -11. Let c(q) = j*m(q) - 6*d(q). Is c(5) a composite number?
True
Let k(v) be the second derivative of 112*v**4/3 - v**3 - 5*v**2/2 - 12*v. Let h be k(5). Suppose 19*t - 54138 = h. Is t prime?
False
Suppose 82*r - 667232 - 755889 = 3929921. Is r prime?
False
Suppose -2*o + 128 + 6 = 0. Let g = o - -8. Suppose 4*u - 5*u = h - g, -3*u = -4*h + 272. Is h a composite number?
False
Is (15/6)/(31/236902) a composite number?
True
Let u(g) = 17*g**2 + 7*g + 6. Let p be u(-5). Suppose 2*c + 133 = -y, 5*c = -0*y - 3*y - p. Let k = -38 - y. Is k a composite number?
False
Suppose -3*a = -312 - 201. Suppose -2061*p + 994 = -2062*p. Let o = a - p. Is o prime?
False
Suppose 94208 = 5*c + 15328. Let n = -7033 + c. Is n a composite number?
True
Let y = 70691 - 24375. Suppose 4*l + l = 4*n + 46337, 0 = -5*l - 3*n + y. Suppose -6*f + l + 1745 = 0. Is f a prime number?
False
Let z = -31 + 19. Let s(h) = -h**2 - 12*h - 2. Let c be s(z). Is 4 + 672 - c/2 prime?
True
Let f(p) = -8*p - 26. Let z be f(-4). Is (-2)/(-8)*-222*(-44)/z composite?
True
Let i = -95 + 99. Is i/(-4)*((-9)/3 + -488) prime?
True
Let m(n) = -2388*n**3 + n**2 + 4*n + 4. Suppose w - 22 = -23. Is m(w) prime?
True
Let g = 72547 - 149660. Let i = -53318 - g. Is i a composite number?
True
Let t = -45 - -47. Suppose 5*k - 3 = -t*g + 15, -5*k + 22 = -2*g. Suppose c = 2*h - 2*c - 406, 0 = 5*h - k*c - 1029. Is h a composite number?
True
Is 233391 + 138/(-345) + 4/10 composite?
True
Is -11*(-36)/(-198)*(-354391)/2 prime?
True
Suppose 169266 = -4*z + 6*z - 2*a, -3*a + 84617 = z. Is z a composite number?
False
Let y(x) = 4*x - 4. Let b be y(5). Suppose -12*k - 24 = -b*k. Suppose -3578 = -2*h - 4*w, -3*w + k*w = 12. Is h composite?
True
Suppose 3*h = -5*j + j + 7089, -1767 = -j + h. Suppose v - j = -3*o, -4*o - 7*v + 2*v = -2349. Is o a prime number?
False
Let k = -27 + 29. Suppose -635 = -3*i + 4*q + 847, k*q = 2*i - 988. Suppose -i = -3*n - 101. Is n a composite number?
False
Let p = -27890 + 313737. Is p a composite number?
True
Suppose 37*q - 351789 = 708002. Is q composite?
False
Let n be 40673/6 - (-210)/(-252). Let m = n - 4791. Is m a prime number?
True
Let g(k) = k**3 - 35*k**2 - 186*k - 109. Is g(47) prime?
True
Let p(z) = -z**2 - 12*z + 16. Let c be p(-13). Suppose -j - u = 4*u - 25, c*u + 3 = 3*j. Suppose 4*t - 478 = 2*v, -2*t + 230 = -j*v + 3. Is t a prime number?
False
Let n = -558 + 562. Suppose -n*c + 5*a + 82819 = 0, -4*a - 62112 = -3*c - a. Is c a composite number?
True
Let w(u) = -8*u**3 + u**2 - 17*u - 18. Let n be w(-11). Let a be 2/16 - (n/(-48) + -5). Suppose 0 = -10*k + 11*k - a. Is k prime?
True
Let w be (336/280)/(2/5). Suppose 4*x + 2*q - 66073 = w*x, -3*q = -4*x + 264347. Is x prime?
True
Let w = -934762 - -1721817. Is w composite?
True
Let a = -257 - -261. Suppose 4*v - 763 = -j - 2*j, a*j - 2*v = 988. Is j prime?
False
Let r(n) = 171*n**3 + 11*n**2 + 23*n - 63. Is r(10) a prime number?
False
Let b = -122077 + 77241. Is (-2)/((-6)/33 + (-8108)/b) a composite number?
True
Let q(i) = 115*i**2 - 15*i + 229. Let r(n) = 461*n**2 - 61*n + 913. Let v(o) = 9*q(o) - 2*r(o). Is v(14) prime?
False
Suppose -5*n = l + 35, -7*n + 15 = -l - 2*n. Let w(s) = 18*s**2 - 16*s - 137. Is w(l) prime?
False
Let j = -14 + 88. Let m be 4 - ((j - -3) + -1). Is 1/((-9)/(-1091)) - (-16)/m prime?
False
Suppose -3*f + 0*f - 12 = -3*h, 0 = 2*f - 6. Suppose h*x - 4*x = -y + 6307, 5*x = -2*y + 10513. Is x a prime number?
False
Suppose 9781 = t + 1017. Suppose t = 8*c - c. Suppose 4*m - l = -5*l + 2472, 2*l + c = 2*m. Is m composite?
True
Let l = -2915 + 5200. Let j = l + -1414. Is j prime?
False
Let v = -78 - -87. Let b = 33 + -33. Suppose b = v*k + 4276 - 15607. Is k a composite number?
False
Let r be -4 - ((-12)/(-4) - 3) - -9282. Let w = r + -6075. Is w a composite number?
False
Suppose -1 = b, -5*b = 64*n - 63*n - 58404. Is n composite?
True
Let c = -25 + 29. Suppose 0 = -c*d + 4, r + 3*d = 2*d + 1656. Is r composite?
True
Suppose 229*i + 133321511 + 31578787 = 651*i. Is i a composite number?
True
Let f(q) = q**3 - 8*q**2 + 2*q - 9. Suppose 0 = j + 6*h - 8*h - 16, h = 5*j - 44. Let g be f(j). S